ulate the greatest common divisor of 25 and 20675.
25
What is the highest common factor of 861 and 21?
21
What is the greatest common divisor of 3306 and 348?
174
Calculate the highest common factor of 1280 and 192.
64
Calculate the greatest common divisor of 333 and 9.
9
What is the greatest common factor of 8358 and 42?
42
What is the highest common divisor of 28 and 1582?
14
What is the greatest common factor of 3 and 9?
3
What is the highest common divisor of 3976 and 532?
28
What is the highest common divisor of 34 and 3?
1
Calculate the highest common factor of 25 and 1535.
5
Calculate the highest common factor of 8372 and 46.
46
What is the highest common divisor of 10382 and 537?
179
Calculate the highest common factor of 57 and 12.
3
Calculate the highest common factor of 23514 and 2.
2
What is the greatest common divisor of 135 and 15?
15
Calculate the highest common divisor of 2464 and 1386.
154
Calculate the highest common divisor of 1824 and 48.
48
Calculate the highest common divisor of 728 and 16.
8
What is the greatest common divisor of 6264 and 8?
8
Calculate the highest common factor of 54 and 954.
18
Calculate the greatest common divisor of 272 and 340.
68
What is the greatest common divisor of 96 and 264?
24
What is the greatest common divisor of 9163 and 561?
187
Calculate the highest common divisor of 18 and 4038.
6
What is the highest common divisor of 6231 and 186?
93
What is the greatest common divisor of 4 and 150?
2
What is the greatest common divisor of 114 and 418?
38
What is the highest common factor of 330 and 10?
10
What is the greatest common factor of 880 and 1584?
176
Calculate the highest common factor of 130 and 1378.
26
Calculate the highest common divisor of 360 and 40.
40
Calculate the greatest common divisor of 8 and 200.
8
Calculate the greatest common divisor of 13 and 104.
13
What is the highest common divisor of 27 and 423?
9
What is the greatest common factor of 80 and 672?
16
Calculate the highest common divisor of 3697 and 1.
1
Calculate the greatest common divisor of 10 and 1825.
5
What is the highest common factor of 25254 and 828?
414
Calculate the highest common factor of 2912 and 7.
7
Calculate the greatest common factor of 686 and 196.
98
What is the greatest common divisor of 740 and 180?
20
What is the highest common factor of 1768 and 208?
104
Calculate the highest common factor of 2086 and 12814.
298
What is the highest common divisor of 11 and 99?
11
Calculate the greatest common divisor of 31 and 8339.
31
Calculate the highest common factor of 14987 and 7.
7
Calculate the highest common factor of 360 and 20.
20
What is the highest common factor of 7597 and 71?
71
Calculate the greatest common divisor of 91 and 49.
7
What is the greatest common factor of 18 and 22?
2
What is the greatest common factor of 138 and 24?
6
What is the highest common divisor of 24 and 4296?
24
What is the greatest common factor of 19 and 304?
19
What is the greatest common divisor of 20 and 105?
5
What is the highest common divisor of 30 and 525?
15
What is the greatest common factor of 828 and 162?
18
Calculate the highest common divisor of 87 and 51.
3
Calculate the highest common factor of 10 and 790.
10
What is the greatest common factor of 188 and 4?
4
What is the greatest common factor of 248 and 2852?
124
Calculate the greatest common factor of 988 and 78.
26
Calculate the greatest common divisor of 403 and 117.
13
What is the greatest common factor of 14 and 574?
14
Calculate the greatest common factor of 1456 and 13.
13
What is the highest common factor of 2 and 16?
2
What is the greatest common factor of 1089 and 27?
9
What is the greatest common factor of 181 and 7?
1
What is the highest common factor of 103 and 103?
103
Calculate the highest common divisor of 10 and 520.
10
Calculate the highest common factor of 608 and 1120.
32
What is the greatest common divisor of 41 and 1517?
41
Calculate the greatest common divisor of 12516 and 132.
12
What is the greatest common factor of 4 and 1402?
2
Calculate the highest common factor of 1098 and 9.
9
What is the highest common factor of 721 and 103?
103
Calculate the highest common divisor of 38 and 171.
19
Calculate the greatest common factor of 21 and 672.
21
What is the greatest common divisor of 1333 and 31?
31
Calculate the greatest common divisor of 259 and 111.
37
What is the greatest common factor of 11 and 275?
11
Calculate the highest common factor of 44 and 124.
4
What is the greatest common factor of 414 and 12?
6
Calculate the greatest common factor of 644 and 56.
28
Calculate the greatest common divisor of 56 and 8358.
14
Calculate the greatest common factor of 18 and 138.
6
Calculate the highest common divisor of 1024 and 1088.
64
What is the highest common divisor of 9452 and 136?
68
Calculate the highest common divisor of 15 and 2685.
15
What is the highest common factor of 67 and 67?
67
What is the greatest common divisor of 56 and 1064?
56
What is the highest common factor of 16 and 4?
4
Calculate the greatest common divisor of 15 and 255.
15
What is the greatest common factor of 13361 and 31?
31
Calculate the greatest common divisor of 24 and 552.
24
What is the greatest common divisor of 144 and 468?
36
Calculate the highest common factor of 210 and 60.
30
What is the greatest common factor of 6 and 37?
1
What is the highest common factor of 8 and 6516?
4
What is the greatest common divisor of 123 and 9717?
123
Calculate the greatest common divisor of 26 and 1898.
26
Calculate the highest common divisor of 235 and 940.
235
Calculate the highest common factor of 1308 and 12.
12
Calculate the greatest common factor of 88 and 671.
11
What is the greatest common factor of 24686 and 2?
2
What is the greatest common divisor of 64 and 928?
32
What is the greatest common factor of 43 and 2107?
43
What is the highest common divisor of 649 and 236?
59
What is the greatest common factor of 270 and 30?
30
What is the highest common factor of 195 and 1065?
15
Calculate the highest common factor of 90 and 110.
10
Calculate the highest common divisor of 224 and 518.
14
What is the greatest common factor of 304 and 560?
16
Calculate the greatest common divisor of 11 and 13739.
11
What is the highest common divisor of 305 and 25?
5
Calculate the highest common divisor of 324 and 84.
12
What is the greatest common divisor of 16 and 20?
4
Calculate the greatest common factor of 4370 and 20.
10
Calculate the greatest common divisor of 8 and 118.
2
What is the highest common factor of 4836 and 868?
124
Calculate the greatest common divisor of 595 and 140.
35
What is the greatest common factor of 11077 and 22?
11
What is the highest common divisor of 57 and 1824?
57
What is the highest common divisor of 190 and 12065?
95
Calculate the greatest common divisor of 168 and 2667.
21
Calculate the greatest common factor of 41 and 3239.
41
What is the greatest common factor of 8 and 44?
4
What is the highest common factor of 6 and 428?
2
Calculate the greatest common divisor of 46 and 3358.
46
What is the highest common divisor of 18 and 855?
9
Calculate the highest common divisor of 2975 and 14.
7
What is the greatest common factor of 2310 and 198?
66
What is the highest common factor of 26 and 13?
13
Calculate the greatest common factor of 378 and 252.
126
What is the highest common factor of 493 and 34?
17
Calculate the greatest common factor of 90 and 40.
10
What is the highest common divisor of 990 and 1870?
110
Calculate the greatest common divisor of 64 and 1216.
64
What is the highest common factor of 660 and 720?
60
What is the greatest common divisor of 405 and 45?
45
Calculate the highest common factor of 81 and 135.
27
What is the highest common factor of 47 and 517?
47
Calculate the greatest common divisor of 1786 and 564.
94
What is the greatest common divisor of 1292 and 684?
76
Calculate the highest common divisor of 96 and 18.
6
Calculate the greatest common factor of 215 and 301.
43
What is the highest common factor of 2 and 54?
2
What is the highest common factor of 30 and 4710?
30
Calculate the greatest common factor of 1534 and 295.
59
Calculate the greatest common divisor of 135 and 243.
27
What is the highest common factor of 195 and